nd n?
9
Suppose -5*o = -0*o - 35. Let y(f) = -f**3 + 7*f**2 + 1. Let l be y(7). What is the highest common divisor of o and l?
1
Suppose -u + 206 = -5*t - 218, -5*t - 15 = 0. Suppose -5*r = 4*o - 308, -119 = 5*r - 5*o - u. What is the highest common factor of 12 and r?
12
Let u(t) = 3*t**3 - t + 1. Let c = 0 + 7. Let f = -6 + c. Let r be u(f). What is the greatest common divisor of 15 and r?
3
Let z be 10 + (-3 - -3) - -3. Let a be (36/8)/(-3)*(0 + -26). Calculate the greatest common factor of z and a.
13
Let t(g) = -3*g - 6. Let k be t(-5). Let n = 17 - k. Calculate the highest common divisor of n and 12.
4
Suppose -6*i + 20 + 88 = 0. What is the highest common divisor of i and 9?
9
Let j(w) = w**3 + w**2 - w + 1. Let x = -2 + 3. Let d be j(x). Let c be 1/d - 86/(-4). What is the highest common factor of 33 and c?
11
Let c(u) = -u**2 + 8*u - 3. Let g be c(5). What is the highest common divisor of g and 30?
6
Let g be ((-20)/(-12))/((-2)/(-36)). What is the highest common divisor of g and 20?
10
Let v = -186 + 188. Calculate the highest common divisor of v and 11.
1
Let k(x) = x + 6. Let i be k(-3). Suppose 2*b + 124 = i*h + 3*b, -3*h + 134 = -4*b. What is the greatest common divisor of 28 and h?
14
Suppose j + 2*f - 13 = 0, j + 3*f = 6*f + 33. Calculate the highest common factor of j and 56.
7
Suppose -36 + 92 = 7*g. Let w = 160 - 88. What is the highest common factor of g and w?
8
Let t be (-4)/2*6/(-4). Suppose 3*w + r = w + 3, 7 = 4*w + t*r. Let n be (w + -2)*-14*1. What is the highest common factor of 98 and n?
14
Suppose -21 + 61 = -4*k. Let i = k - -14. Let y be -2*2/(i/(-15)). Calculate the highest common factor of 6 and y.
3
Suppose -d - r = -0*r - 7, 5*r = -3*d + 29. What is the greatest common divisor of 3 and d?
3
Suppose 5*c = c + 12. Suppose -13 = c*d - 148. Suppose 51*g - 54*g = -15. Calculate the greatest common divisor of d and g.
5
Suppose 5*p + 2*c = 26, -5*p + 4*c + 45 = 7. Let w(u) = -2*u - 6. Let x be w(-4). Let k be (-7)/(-2) - x/(-4). Calculate the greatest common divisor of k and p.
2
Let z(q) = -2*q**3 + 15*q**2 + 6*q + 17. Let n be z(8). Calculate the highest common divisor of n and 5.
1
Let s(j) = j + 2. Let k be s(6). Let a = k + -5. Suppose a*p - p - 10 = 0. What is the greatest common factor of 55 and p?
5
Let v = -206 + 359. Calculate the highest common factor of 9 and v.
9
Let y = 33 - 19. Let v be 1 - ((-36)/(-2))/3. Let j be -5 - v - -11*14. What is the greatest common factor of j and y?
14
Let g(y) = -y**2 - 5*y + 12. Let s be g(-5). Calculate the highest common divisor of 6 and s.
6
Suppose 4*x - 72 = -4*z, 26 = 2*x - 2*z - 10. Let v(r) = r - 4. Let u be v(7). Suppose -i + u*i - 90 = 0. What is the highest common factor of i and x?
9
Suppose 3*w + 5*f - 125 = 0, w - 45 = 2*f - 7*f. What is the greatest common factor of 60 and w?
20
Let c = -3 + 12. What is the greatest common divisor of 9 and c?
9
Let a be (3 + (-25)/2)*(1 + -3). Calculate the highest common divisor of a and 209.
19
Suppose -4*k + 6*q = q - 210, -161 = -3*k + 2*q. Suppose 6*j - 5*j - k = 0. Suppose -15 = -3*r - 0. Calculate the highest common divisor of j and r.
5
Let u be (-4)/(-3)*(-39)/(-26). Suppose -4*p + 363 = -29. Suppose 0 = 5*w - 4*s - 0*s - p, 4*s - 10 = -w. Calculate the greatest common divisor of w and u.
2
Let w be 67/(-2) + (-2)/4. Let c = w + 49. What is the highest common divisor of c and 105?
15
Let u be 26 - (4 + -1 + -1). Suppose 0*s = -2*s + 4*z - 8, 5*z - u = -s. What is the greatest common divisor of s and 40?
4
Let g be (4/6)/(-2 + (-905)/(-450)). Let m(q) = q**3 - 4*q**2 + 2*q + 2. Let b be m(2). Let u be b*(-7)/(7/6). Calculate the highest common divisor of g and u.
12
Suppose h - 2*h - 6 = 0. Let w(d) = d**2 + 2*d**2 - d**2 + 9*d. Let c be w(h). Calculate the greatest common divisor of 126 and c.
18
Let c(r) = 3*r**2 - 2. Let a be c(-4). Let o = -21 + a. Let q(b) = b - 3. Let t be q(8). What is the highest common divisor of o and t?
5
Suppose -8*d + 64 = -0*d. Calculate the highest common factor of d and 72.
8
Suppose -i - 24 = -66. Suppose 0*g + g - 24 = 0. Let h be 42*(-2 - g/(-9)). What is the greatest common factor of h and i?
14
Suppose -10*f + 6*f = -120. What is the highest common factor of 150 and f?
30
Let w(q) = q**3 + 13*q**2 - 32*q + 20. Let j be w(-15). Let a be 2 + 10 + 2 + -4. Calculate the highest common factor of a and j.
10
Let t be ((-4)/8)/(-3 - 179/(-60)). Calculate the greatest common divisor of 330 and t.
30
Suppose -p + 6 = 2*d - 0*d, -5*p + 5*d + 90 = 0. Let n be (1 - -1) + 0/(-10). Calculate the greatest common factor of n and p.
2
Let m be (24/28)/((-2)/(-14)). Let f be 44 + ((-6)/(-3))/(-1). Calculate the greatest common factor of f and m.
6
Suppose j - 240 + 96 = 0. Let m(i) = -6*i. Let f be m(-3). Calculate the greatest common factor of f and j.
18
Suppose -4*k - 30 = -2*i, -k + 2*k = -5*i + 86. Let q be (-2)/(-8)*-3*-4. Let h = i - q. What is the greatest common factor of h and 7?
7
Suppose -13*x + 26 = -0*x. What is the highest common factor of x and 6?
2
Suppose -4*u = 5*l + 29 - 280, -2*u - 2*l = -126. Calculate the greatest common factor of 8 and u.
8
Let p(w) = 6*w + 2. Let v be p(1). What is the greatest common divisor of 40 and v?
8
Suppose 5*f - 13 = -4*s, -s + 5*s = -2*f + 10. Let n = f - 1. Let h be (1 + -5)/(-1 - n). Calculate the highest common factor of h and 20.
4
Suppose -3*w - 2*x = -15, 6*w - w - 5*x = 0. Suppose 45 = w*j + 15. What is the highest common factor of 100 and j?
10
Suppose 0*z = 3*w + z - 47, 3*w - 5*z = 17. What is the highest common divisor of w and 35?
7
Suppose 0 = h - 7*h + 1188. What is the greatest common divisor of h and 22?
22
Let n be (-1 - -2)/(11/99). Suppose -2*q = m - 68, -q + 4 + 36 = -m. Suppose 3*z - q = z. Calculate the greatest common divisor of n and z.
9
Let g be (-18)/(-1) - (1 + 1). What is the greatest common factor of g and 8?
8
Let o be (6 - 1) + 4 + (-15)/3. Suppose 4*a - 3*l = 2*a + 17, -a = l - 1. Calculate the greatest common divisor of o and a.
4
Let f be ((-6)/8)/(3/(-120)). What is the highest common factor of 240 and f?
30
Let c be (-1)/(-3)*3 + 3. What is the highest common factor of c and 4?
4
Let x be ((-20)/6)/(2/(-18)). Let k be (-6)/8 + (-108)/(-16). Suppose k*s - s = 225. What is the greatest common factor of x and s?
15
Suppose -3*x + 21 = 3*u, -3*x - u = -12 - 9. Let z = x + -2. Suppose 4*r - z*l - 300 = 0, 4*l + 87 = r + 1. What is the greatest common divisor of r and 28?
14
Let v be (-231)/(-2)*22/33. What is the highest common factor of v and 7?
7
Let i = 74 + -56. What is the highest common factor of i and 342?
18
Let l(t) = 3*t - 15. Let p be l(10). Let u be (6 + -3)/1 - -3. What is the highest common factor of u and p?
3
Let b(f) = 0*f**2 + 0*f**2 + 4*f + f**2. Let l be b(-4). Suppose l*i + 2*i = 24. What is the highest common factor of i and 60?
12
Let d = -20 + 26. Let l = -18 + 31. Suppose 0 = 5*v - 3*t - 30, 5*v - 2*t = 17 + l. Calculate the greatest common divisor of v and d.
6
Let r be ((-6)/(-15))/(1/15). Let v be (-1)/(1 + 10/(-8)). What is the greatest common factor of v and r?
2
Suppose 3*t - 55 = -3*o + 7*t, 0 = -3*o - 3*t + 48. Calculate the greatest common divisor of o and 17.
17
Suppose 0 = -g + 6*g + 15, 5*t + g = 87. Suppose 0*s - 2*s + t = 0. Let l = 114 + -51. Calculate the highest common divisor of l and s.
9
Suppose 2*p - 3 = -5*o, -11 - 13 = -5*p + 4*o. Suppose -3*z + 134 = 5*m, -p = z + z. What is the highest common divisor of 14 and m?
14
Let f(l) = 8*l - 8. Let s be f(4). Calculate the highest common divisor of s and 3.
3
Suppose 104 = -3*u + 29. Let l = -14 - u. Suppose 4*n + 3*z = 226, -5*z - 28 = -n + 17. What is the greatest common divisor of n and l?
11
Let a(u) = u**2 - 5*u - 1. Let j be a(6). Suppose -j*o = -8*o + 324. What is the highest common factor of 12 and o?
12
Let j(t) = 5*t**2 + 2*t + 2. Let n be j(-2). What is the highest common divisor of n and 45?
9
Let a = 16 + -13. Calculate the greatest common divisor of 3 and a.
3
Let l(i) = 5*i + 104. Let r(a) = a. Let g(q) = l(q) - 4*r(q). Let t be (-2)/(-5) - 6/15. Let h be g(t). What is the highest common factor of 13 and h?
13
Let m = 79 + -49. What is the greatest common factor of 45 and m?
15
Let i = 0 - 1. Suppose 